{"id":1294,"date":"2024-10-09T00:23:57","date_gmt":"2024-10-09T00:23:57","guid":{"rendered":"https:\/\/nocheretro.com\/beta\/cones\/?page_id=1294"},"modified":"2024-10-15T12:05:34","modified_gmt":"2024-10-15T12:05:34","slug":"registro-de-organizaciones-de-ciencia-tecnologia-e-investigacion-rocti","status":"publish","type":"page","link":"https:\/\/nocheretro.com\/beta\/cones\/registro-de-organizaciones-de-ciencia-tecnologia-e-investigacion-rocti\/","title":{"rendered":"Registro de Organizaciones de Ciencia, Tecnolog\u00eda e Investigaci\u00f3n \u2013 ROCTI"},"content":{"rendered":"\t\t<div data-elementor-type=\"wp-page\" data-elementor-id=\"1294\" class=\"elementor elementor-1294\" data-elementor-post-type=\"page\">\n\t\t\t\t\t\t<section class=\"elementor-section elementor-top-section elementor-element elementor-element-e32ad46 elementor-section-boxed elementor-section-height-default elementor-section-height-default\" data-id=\"e32ad46\" data-element_type=\"section\">\n\t\t\t\t\t\t<div class=\"elementor-container elementor-column-gap-default\">\n\t\t\t\t\t<div class=\"elementor-column elementor-col-100 elementor-top-column elementor-element elementor-element-57d0b9a\" data-id=\"57d0b9a\" data-element_type=\"column\">\n\t\t\t<div class=\"elementor-widget-wrap elementor-element-populated\">\n\t\t\t\t\t\t<div class=\"elementor-element elementor-element-3000bf1 elementor-widget elementor-widget-text-editor\" data-id=\"3000bf1\" data-element_type=\"widget\" data-widget_type=\"text-editor.default\">\n\t\t\t\t<div class=\"elementor-widget-container\">\n\t\t\t\t\t\t\t<p>El ROCTI tiene por objetivo la sistematizaci\u00f3n y gesti\u00f3n de la documentaci\u00f3n e informaci\u00f3n de las instituciones utilizando el SPI. Esta implementaci\u00f3n ser\u00e1 beneficiosa tanto para las instituciones como para el CONACYT, ya que los documentos legales de gesti\u00f3n ser\u00e1n reutilizados para nuevas convocatorias.<\/p><p>Las documentaciones e informaciones ser\u00e1n presentadas en forma electr\u00f3nica a trav\u00e9s del m\u00f3dulo y tendr\u00e1n car\u00e1cter de declaraci\u00f3n jurada, por lo que ser\u00e1 considerada como verdadera, correcta, completa y vigente, siendo de su \u00fanica y exclusiva responsabilidad. En este sentido se considera Instituci\u00f3n a todo organismo p\u00fablico o privado, nacional o internacional, con personer\u00eda jur\u00eddica, que postule o haya sido adjudicado a convocatorias realizadas por el CONACYT.<\/p>\t\t\t\t\t\t<\/div>\n\t\t\t\t<\/div>\n\t\t\t\t<div class=\"elementor-element elementor-element-f2b541e elementor-widget elementor-widget-button\" data-id=\"f2b541e\" data-element_type=\"widget\" data-widget_type=\"button.default\">\n\t\t\t\t<div class=\"elementor-widget-container\">\n\t\t\t\t\t\t\t<div class=\"elementor-button-wrapper\">\n\t\t\t\t\t<a class=\"elementor-button elementor-button-link elementor-size-sm\" href=\"https:\/\/spi.conacyt.gov.py\/user\">\n\t\t\t\t\t\t<span class=\"elementor-button-content-wrapper\">\n\t\t\t\t\t\t\t\t\t<span class=\"elementor-button-text\">Acceder al ROCTI<\/span>\n\t\t\t\t\t<\/span>\n\t\t\t\t\t<\/a>\n\t\t\t\t<\/div>\n\t\t\t\t\t\t<\/div>\n\t\t\t\t<\/div>\n\t\t\t\t\t<\/div>\n\t\t<\/div>\n\t\t\t\t\t<\/div>\n\t\t<\/section>\n\t\t\t\t<\/div>\n\t\t","protected":false},"excerpt":{"rendered":"<p>El ROCTI tiene por objetivo la sistematizaci\u00f3n y gesti\u00f3n de la documentaci\u00f3n e informaci\u00f3n de las instituciones utilizando el SPI. Esta implementaci\u00f3n ser\u00e1 beneficiosa tanto para las instituciones como para el CONACYT, ya que los documentos legales de gesti\u00f3n ser\u00e1n reutilizados para nuevas convocatorias. Las documentaciones e informaciones ser\u00e1n presentadas en forma electr\u00f3nica a trav\u00e9s [&hellip;]<\/p>\n","protected":false},"author":1,"featured_media":0,"parent":0,"menu_order":0,"comment_status":"closed","ping_status":"closed","template":"","meta":{"footnotes":""},"categories":[67],"tags":[],"class_list":["post-1294","page","type-page","status-publish","hentry","category-paginas-institucionales"],"_links":{"self":[{"href":"https:\/\/nocheretro.com\/beta\/cones\/wp-json\/wp\/v2\/pages\/1294","targetHints":{"allow":["GET"]}}],"collection":[{"href":"https:\/\/nocheretro.com\/beta\/cones\/wp-json\/wp\/v2\/pages"}],"about":[{"href":"https:\/\/nocheretro.com\/beta\/cones\/wp-json\/wp\/v2\/types\/page"}],"author":[{"embeddable":true,"href":"https:\/\/nocheretro.com\/beta\/cones\/wp-json\/wp\/v2\/users\/1"}],"replies":[{"embeddable":true,"href":"https:\/\/nocheretro.com\/beta\/cones\/wp-json\/wp\/v2\/comments?post=1294"}],"version-history":[{"count":4,"href":"https:\/\/nocheretro.com\/beta\/cones\/wp-json\/wp\/v2\/pages\/1294\/revisions"}],"predecessor-version":[{"id":1310,"href":"https:\/\/nocheretro.com\/beta\/cones\/wp-json\/wp\/v2\/pages\/1294\/revisions\/1310"}],"wp:attachment":[{"href":"https:\/\/nocheretro.com\/beta\/cones\/wp-json\/wp\/v2\/media?parent=1294"}],"wp:term":[{"taxonomy":"category","embeddable":true,"href":"https:\/\/nocheretro.com\/beta\/cones\/wp-json\/wp\/v2\/categories?post=1294"},{"taxonomy":"post_tag","embeddable":true,"href":"https:\/\/nocheretro.com\/beta\/cones\/wp-json\/wp\/v2\/tags?post=1294"}],"curies":[{"name":"wp","href":"https:\/\/api.w.org\/{rel}","templated":true}]}}