{"id":1292,"date":"2024-10-09T00:23:47","date_gmt":"2024-10-09T00:23:47","guid":{"rendered":"https:\/\/nocheretro.com\/beta\/cones\/?page_id=1292"},"modified":"2024-10-15T12:05:20","modified_gmt":"2024-10-15T12:05:20","slug":"curriculum-vitae-online-cvpy","status":"publish","type":"page","link":"https:\/\/nocheretro.com\/beta\/cones\/curriculum-vitae-online-cvpy\/","title":{"rendered":"Curr\u00edculum Vitae Online &#8211; CVPy"},"content":{"rendered":"\t\t<div data-elementor-type=\"wp-page\" data-elementor-id=\"1292\" class=\"elementor elementor-1292\" data-elementor-post-type=\"page\">\n\t\t\t\t\t\t<section class=\"elementor-section elementor-top-section elementor-element elementor-element-c69c6cd elementor-section-boxed elementor-section-height-default elementor-section-height-default\" data-id=\"c69c6cd\" data-element_type=\"section\">\n\t\t\t\t\t\t<div class=\"elementor-container elementor-column-gap-default\">\n\t\t\t\t\t<div class=\"elementor-column elementor-col-100 elementor-top-column elementor-element elementor-element-9fbd3fb\" data-id=\"9fbd3fb\" data-element_type=\"column\">\n\t\t\t<div class=\"elementor-widget-wrap elementor-element-populated\">\n\t\t\t\t\t\t<div class=\"elementor-element elementor-element-6c6483c elementor-widget elementor-widget-text-editor\" data-id=\"6c6483c\" data-element_type=\"widget\" data-widget_type=\"text-editor.default\">\n\t\t\t\t<div class=\"elementor-widget-container\">\n\t\t\t\t\t\t\t<p>El CVPy es un software para el ingreso de los curr\u00edculums de investigadores que es administrado por el CONACYT, y constituye un instrumento de todo el Sistema Nacional de Investigadores del Paraguay \u2013 SNIP, y como tal su uso es compartido mediante acuerdos de cooperaci\u00f3n con las instituciones que manejen fondos competitivos para financiamiento de actividades de Ciencia, Tecnolog\u00eda e Innovaci\u00f3n.<\/p><p>Esta herramineta se basa en el CV- Lac (Curr\u00edculum Vitae Latinoamericano y el Caribe ) particularmente en la tecnolog\u00eda y metodolog\u00eda desarrollada por el Consejo Nacional de Desarrollo Cient\u00edfico y Tecnol\u00f3gico (CNPq) de Brasil.<\/p><p>Este Sistema de Informaci\u00f3n atender\u00e1 adem\u00e1s los requerimientos nacionales en relaci\u00f3n a la generaci\u00f3n de indicadores para identificar impactos de diversas fuentes de financiamiento sobre la productividad cient\u00edfica del SNIP, la productividad por \u00e1rea de conocimiento, investigador e instituci\u00f3n, as\u00ed como otra informaci\u00f3n relevante para la evaluaci\u00f3n de Proyectos y Programas, la generaci\u00f3n de pol\u00edticas e intercambio de informaci\u00f3n entre las instituciones.<\/p>\t\t\t\t\t\t<\/div>\n\t\t\t\t<\/div>\n\t\t\t\t<div class=\"elementor-element elementor-element-464ba0e elementor-widget elementor-widget-button\" data-id=\"464ba0e\" data-element_type=\"widget\" data-widget_type=\"button.default\">\n\t\t\t\t<div class=\"elementor-widget-container\">\n\t\t\t\t\t\t\t<div class=\"elementor-button-wrapper\">\n\t\t\t\t\t<a class=\"elementor-button elementor-button-link elementor-size-sm\" href=\"https:\/\/cv.conacyt.gov.py\/user\">\n\t\t\t\t\t\t<span class=\"elementor-button-content-wrapper\">\n\t\t\t\t\t\t\t\t\t<span class=\"elementor-button-text\">Acceder al CVpy<\/span>\n\t\t\t\t\t<\/span>\n\t\t\t\t\t<\/a>\n\t\t\t\t<\/div>\n\t\t\t\t\t\t<\/div>\n\t\t\t\t<\/div>\n\t\t\t\t\t<\/div>\n\t\t<\/div>\n\t\t\t\t\t<\/div>\n\t\t<\/section>\n\t\t\t\t<\/div>\n\t\t","protected":false},"excerpt":{"rendered":"<p>El CVPy es un software para el ingreso de los curr\u00edculums de investigadores que es administrado por el CONACYT, y constituye un instrumento de todo el Sistema Nacional de Investigadores del Paraguay \u2013 SNIP, y como tal su uso es compartido mediante acuerdos de cooperaci\u00f3n con las instituciones que manejen fondos competitivos para financiamiento de [&hellip;]<\/p>\n","protected":false},"author":1,"featured_media":0,"parent":0,"menu_order":0,"comment_status":"closed","ping_status":"closed","template":"","meta":{"footnotes":""},"categories":[67],"tags":[],"class_list":["post-1292","page","type-page","status-publish","hentry","category-paginas-institucionales"],"_links":{"self":[{"href":"https:\/\/nocheretro.com\/beta\/cones\/wp-json\/wp\/v2\/pages\/1292","targetHints":{"allow":["GET"]}}],"collection":[{"href":"https:\/\/nocheretro.com\/beta\/cones\/wp-json\/wp\/v2\/pages"}],"about":[{"href":"https:\/\/nocheretro.com\/beta\/cones\/wp-json\/wp\/v2\/types\/page"}],"author":[{"embeddable":true,"href":"https:\/\/nocheretro.com\/beta\/cones\/wp-json\/wp\/v2\/users\/1"}],"replies":[{"embeddable":true,"href":"https:\/\/nocheretro.com\/beta\/cones\/wp-json\/wp\/v2\/comments?post=1292"}],"version-history":[{"count":7,"href":"https:\/\/nocheretro.com\/beta\/cones\/wp-json\/wp\/v2\/pages\/1292\/revisions"}],"predecessor-version":[{"id":1307,"href":"https:\/\/nocheretro.com\/beta\/cones\/wp-json\/wp\/v2\/pages\/1292\/revisions\/1307"}],"wp:attachment":[{"href":"https:\/\/nocheretro.com\/beta\/cones\/wp-json\/wp\/v2\/media?parent=1292"}],"wp:term":[{"taxonomy":"category","embeddable":true,"href":"https:\/\/nocheretro.com\/beta\/cones\/wp-json\/wp\/v2\/categories?post=1292"},{"taxonomy":"post_tag","embeddable":true,"href":"https:\/\/nocheretro.com\/beta\/cones\/wp-json\/wp\/v2\/tags?post=1292"}],"curies":[{"name":"wp","href":"https:\/\/api.w.org\/{rel}","templated":true}]}}